lculate the greatest common factor of 1 and 125.
1
Calculate the greatest common factor of 475 and 76.
19
Calculate the highest common factor of 221 and 78.
13
What is the highest common divisor of 5109 and 26?
13
What is the highest common factor of 193 and 1?
1
What is the highest common divisor of 1917 and 27?
27
What is the greatest common divisor of 253 and 46?
23
What is the greatest common divisor of 21 and 448?
7
What is the greatest common divisor of 6 and 48?
6
What is the greatest common factor of 532 and 28?
28
Calculate the highest common divisor of 6169 and 372.
31
What is the greatest common factor of 10 and 640?
10
Calculate the highest common divisor of 7 and 3493.
7
Calculate the highest common divisor of 7 and 189.
7
What is the highest common divisor of 119 and 7?
7
Calculate the highest common factor of 117 and 9.
9
What is the highest common divisor of 1056 and 576?
96
Calculate the greatest common divisor of 16 and 674.
2
What is the greatest common divisor of 162 and 18?
18
Calculate the greatest common factor of 48 and 9000.
24
Calculate the greatest common factor of 111 and 185.
37
What is the highest common divisor of 10336 and 68?
68
Calculate the greatest common divisor of 78 and 52.
26
Calculate the highest common divisor of 11193 and 273.
273
Calculate the highest common divisor of 99 and 165.
33
Calculate the highest common factor of 56 and 72.
8
What is the highest common factor of 8 and 4792?
8
Calculate the highest common factor of 8417 and 19.
19
Calculate the greatest common divisor of 160 and 200.
40
Calculate the greatest common factor of 180 and 3636.
36
What is the highest common divisor of 328 and 82?
82
What is the greatest common factor of 869 and 44?
11
Calculate the greatest common divisor of 26 and 2522.
26
Calculate the greatest common factor of 621 and 27.
27
Calculate the greatest common factor of 589 and 31.
31
What is the highest common factor of 16 and 16?
16
What is the highest common divisor of 795 and 45?
15
Calculate the greatest common factor of 23 and 3013.
23
What is the highest common divisor of 138 and 1357?
23
What is the greatest common divisor of 5670 and 1170?
90
What is the highest common factor of 50 and 800?
50
What is the highest common divisor of 876 and 12?
12
What is the highest common divisor of 640 and 4000?
160
What is the greatest common divisor of 1647 and 27?
27
Calculate the greatest common factor of 68 and 1088.
68
What is the highest common factor of 4145 and 20?
5
What is the greatest common divisor of 162 and 54?
54
What is the greatest common divisor of 2904 and 32?
8
Calculate the highest common factor of 63 and 28.
7
What is the greatest common factor of 60 and 1740?
60
What is the greatest common factor of 730 and 10?
10
Calculate the highest common factor of 579 and 3.
3
What is the highest common divisor of 7488 and 108?
36
Calculate the highest common divisor of 4848 and 96.
48
What is the greatest common divisor of 54 and 150?
6
Calculate the greatest common factor of 143 and 65.
13
What is the highest common factor of 14 and 5803?
7
Calculate the highest common divisor of 10 and 27630.
10
Calculate the greatest common factor of 123 and 5822.
41
What is the highest common factor of 1606 and 146?
146
Calculate the greatest common divisor of 52 and 4043.
13
What is the greatest common divisor of 4750 and 150?
50
What is the highest common divisor of 364 and 196?
28
What is the greatest common divisor of 378 and 45?
9
What is the greatest common factor of 722 and 114?
38
Calculate the highest common factor of 65 and 5.
5
Calculate the greatest common factor of 48 and 1104.
48
Calculate the highest common divisor of 114 and 627.
57
What is the greatest common factor of 157 and 139102?
157
What is the greatest common factor of 2222 and 1010?
202
What is the greatest common factor of 8 and 268?
4
What is the greatest common factor of 12 and 2612?
4
What is the highest common divisor of 44 and 1166?
22
Calculate the greatest common divisor of 962 and 148.
74
What is the highest common divisor of 319 and 57739?
319
Calculate the greatest common divisor of 216 and 783.
27
Calculate the greatest common factor of 1178 and 19.
19
What is the greatest common factor of 60 and 390?
30
What is the highest common factor of 80 and 60?
20
Calculate the highest common divisor of 3395 and 35.
35
Calculate the greatest common factor of 55 and 24695.
55
What is the greatest common divisor of 304 and 9500?
76
What is the greatest common divisor of 2848 and 89?
89
What is the greatest common divisor of 57315 and 15?
15
What is the greatest common factor of 28 and 5?
1
What is the highest common factor of 68 and 2074?
34
Calculate the highest common divisor of 13 and 35087.
13
Calculate the greatest common divisor of 1054 and 102.
34
Calculate the highest common factor of 5 and 95.
5
Calculate the greatest common divisor of 485 and 2813.
97
Calculate the greatest common factor of 4 and 980.
4
What is the greatest common divisor of 111 and 1517?
37
Calculate the greatest common factor of 1105 and 2431.
221
What is the highest common factor of 23 and 1?
1
Calculate the highest common factor of 5480 and 220.
20
Calculate the highest common factor of 115 and 10.
5
What is the highest common factor of 44 and 3498?
22
Calculate the highest common factor of 9 and 84.
3
Calculate the highest common factor of 249 and 3.
3
Calculate the highest common divisor of 33 and 77.
11
Calculate the highest common divisor of 22922 and 157.
157
Calculate the highest common divisor of 8 and 1096.
8
Calculate the highest common factor of 12 and 3648.
12
Calculate the highest common divisor of 1560 and 468.
156
Calculate the highest common divisor of 52 and 78.
26
Calculate the highest common divisor of 40 and 32.
8
Calculate the highest common divisor of 36 and 60.
12
Calculate the greatest common divisor of 70 and 8015.
35
What is the highest common divisor of 126 and 315?
63
Calculate the highest common factor of 1319 and 2.
1
Calculate the greatest common factor of 2 and 358.
2
What is the greatest common divisor of 189 and 108?
27
What is the greatest common divisor of 236 and 59?
59
Calculate the highest common factor of 1045 and 110.
55
What is the highest common divisor of 7178 and 388?
194
Calculate the highest common divisor of 330 and 462.
66
What is the greatest common divisor of 102 and 1086?
6
Calculate the greatest common factor of 335 and 603.
67
What is the highest common factor of 693 and 126?
63
What is the highest common divisor of 100 and 68?
4
What is the greatest common factor of 1685 and 10?
5
What is the highest common factor of 2624 and 82?
82
Calculate the greatest common divisor of 6550 and 50.
50
Calculate the greatest common divisor of 28 and 16.
4
Calculate the greatest common divisor of 540 and 24.
12
What is the greatest common divisor of 15895 and 77?
11
Calculate the highest common factor of 248 and 186.
62
What is the greatest common factor of 1624 and 350?
14
What is the greatest common factor of 390 and 14235?
195
Calculate the greatest common divisor of 1376 and 43.
43
What is the highest common factor of 1612 and 13?
13
Calculate the greatest common factor of 2847 and 117.
39
What is the highest common divisor of 22387 and 61?
61
Calculate the greatest common divisor of 112 and 16.
16
What is the highest common factor of 1222 and 47?
47
Calculate the greatest common factor of 2 and 50.
2
What is the greatest common divisor of 7000 and 100?
100
What is the greatest common factor of 2889 and 27?
27
What is the highest common divisor of 147 and 4053?
21
What is the highest common divisor of 5 and 130?
5
What is the highest common divisor of 1463 and 418?
209
Calculate the highest common factor of 693 and 1155.
231
What is the highest common divisor of 426 and 1349?
71
Calculate the greatest common divisor of 99 and 5247.
99
Calculate the highest common divisor of 372 and 620.
124
Calculate the greatest common divisor of 288 and 2232.
72
Calculate the highest common factor of 33 and 2299.
11
What is the highest common divisor of 4 and 100?
4
What is the greatest common factor of 371 and 1643?
53
What is the greatest common factor of 36 and 84?
12
What is the gre